 common divisor of 2732720772 and 4164.
4164
Calculate the highest common factor of 1270 and 3616490.
10
What is the highest common divisor of 636639 and 100695?
411
What is the highest common divisor of 2183 and 980757?
59
Calculate the highest common divisor of 127108643 and 1513.
1513
What is the highest common divisor of 917665 and 165949?
1099
Calculate the highest common divisor of 235 and 19372836.
47
Calculate the greatest common divisor of 34816 and 14815232.
2048
Calculate the greatest common divisor of 1904592 and 144.
48
Calculate the highest common divisor of 55484481 and 2067.
2067
Calculate the greatest common factor of 329586 and 7824.
978
What is the highest common divisor of 3180 and 316147650?
1590
Calculate the highest common divisor of 80216 and 1151208.
2168
What is the greatest common factor of 187696028 and 28496?
7124
Calculate the highest common divisor of 1204 and 2145668.
28
What is the greatest common factor of 77297 and 32263?
11
Calculate the highest common divisor of 66 and 356230479.
33
What is the greatest common divisor of 46115 and 407905?
115
Calculate the highest common factor of 38 and 517308212.
38
Calculate the greatest common factor of 3608 and 4417832.
328
Calculate the highest common factor of 2588 and 493248214.
1294
Calculate the highest common divisor of 93567474 and 7854.
462
What is the highest common divisor of 749564 and 363004?
604
What is the greatest common divisor of 312 and 6846056?
8
What is the highest common factor of 97202432 and 1160?
232
Calculate the greatest common divisor of 380 and 47470060.
20
What is the highest common divisor of 5284 and 929873036?
5284
Calculate the greatest common divisor of 142748933 and 464.
29
What is the highest common factor of 2420 and 14315510?
1210
Calculate the greatest common divisor of 14890239 and 234.
117
What is the greatest common factor of 10082988 and 5340?
1068
What is the highest common divisor of 39435 and 9075?
165
Calculate the highest common divisor of 1292 and 1023796.
76
What is the greatest common divisor of 716177252 and 84?
28
Calculate the greatest common divisor of 632845 and 2553.
23
Calculate the highest common factor of 749 and 8193311.
749
What is the greatest common divisor of 252 and 213255828?
36
Calculate the highest common factor of 46770808 and 35.
7
What is the greatest common factor of 36056777 and 166?
83
Calculate the greatest common divisor of 4409794 and 623688.
3998
Calculate the greatest common divisor of 131078496 and 8.
8
Calculate the highest common factor of 454078 and 235138.
178
Calculate the highest common factor of 8090706 and 14544.
606
What is the greatest common divisor of 19967 and 127100?
41
Calculate the greatest common divisor of 1255 and 41590.
5
What is the highest common factor of 6 and 103132338?
6
What is the highest common factor of 23534 and 36876?
14
What is the greatest common factor of 7009020 and 221490?
2070
Calculate the greatest common factor of 20163 and 842757.
141
What is the greatest common factor of 23273188 and 248?
124
What is the highest common factor of 2397369 and 299?
13
What is the highest common divisor of 12 and 26865690?
6
Calculate the greatest common factor of 2753335 and 21320.
65
Calculate the greatest common divisor of 1110 and 1049505.
555
Calculate the greatest common factor of 1037120 and 12845.
35
Calculate the greatest common factor of 301427 and 11026.
149
What is the highest common divisor of 40751 and 23?
1
Calculate the greatest common divisor of 13505087 and 89752.
863
Calculate the greatest common divisor of 67024 and 118000.
944
What is the greatest common factor of 10 and 40829335?
5
Calculate the greatest common factor of 1246162 and 664.
166
Calculate the highest common factor of 9898 and 155086813.
4949
What is the greatest common factor of 77367 and 243253?
697
Calculate the highest common divisor of 21449 and 562480.
89
Calculate the greatest common divisor of 289 and 46351843.
289
What is the highest common divisor of 195425 and 19325?
25
What is the highest common factor of 1487114 and 7622?
206
Calculate the highest common divisor of 1232 and 2272298.
14
Calculate the highest common factor of 65952 and 196704.
288
What is the greatest common divisor of 42 and 283818?
6
Calculate the greatest common factor of 33689242 and 551.
551
What is the greatest common divisor of 28796728 and 224?
8
Calculate the highest common factor of 35811348 and 5664.
708
Calculate the greatest common divisor of 14476101 and 1023.
93
What is the highest common divisor of 93 and 125711138?
31
What is the greatest common divisor of 10395 and 2166615?
1485
What is the greatest common divisor of 10901852 and 14872?
676
What is the highest common factor of 28071423 and 659?
659
What is the greatest common factor of 48114682 and 6314?
154
Calculate the greatest common factor of 261702 and 22050.
126
What is the highest common divisor of 120028961 and 77844?
6487
What is the highest common divisor of 48245072 and 1528?
1528
What is the highest common factor of 132773 and 71153479?
4283
What is the highest common divisor of 6636204 and 27350?
1094
What is the highest common divisor of 1279379 and 387?
43
Calculate the greatest common factor of 196 and 1470616.
28
What is the greatest common factor of 82 and 137016752?
82
What is the highest common factor of 37580 and 164?
4
What is the greatest common divisor of 368592 and 43848?
168
What is the greatest common factor of 18293506 and 22022?
1694
Calculate the greatest common factor of 4 and 1269331036.
4
What is the greatest common divisor of 423721 and 8869?
181
Calculate the highest common factor of 117397496 and 1240.
248
What is the greatest common divisor of 46 and 203444453?
23
What is the highest common divisor of 25313 and 2601283?
1489
Calculate the highest common factor of 37391536 and 61152.
1456
What is the greatest common divisor of 261000 and 3384?
72
What is the highest common factor of 12727949 and 52?
13
What is the highest common factor of 195 and 13434915?
195
What is the highest common factor of 30096 and 48229632?
1584
Calculate the highest common divisor of 575 and 311882185.
115
Calculate the highest common factor of 764964368 and 14.
14
What is the greatest common factor of 190 and 9119790?
10
Calculate the highest common divisor of 47264 and 2979109.
1477
What is the highest common divisor of 8064 and 1762096?
112
What is the greatest common factor of 8216869 and 141?
47
Calculate the highest common divisor of 40587 and 22646301.
249
Calculate the greatest common divisor of 35674 and 122.
2
What is the greatest common factor of 183736304 and 1264?
1264
Calculate the greatest common factor of 136 and 9427537.
17
What is the greatest common divisor of 2011321746 and 756?
378
What is the greatest common divisor of 21431 and 1913101?
29
Calculate the greatest common divisor of 338 and 2319.
1
What is the greatest common factor of 138848 and 1679193?
4339
Calculate the greatest common factor of 91 and 17642807.
91
What is the highest common factor of 2971250 and 575?
25
Calculate the highest common divisor of 39 and 115100999.
13
Calculate the greatest common factor of 64 and 818672.
16
Calculate the highest common divisor of 8271 and 106762987.
919
Calculate the greatest common divisor of 2314 and 18572698.
178
What is the greatest common factor of 5336 and 12800?
8
Calculate the highest common factor of 1803996 and 204.
12
What is the highest common factor of 70 and 312872?
14
What is the greatest common factor of 359830454 and 22196?
11098
Calculate the greatest common factor of 620 and 10637743.
31
Calculate the highest common divisor of 61649 and 181244.
7
Calculate the highest common divisor of 101381361 and 261.
87
What is the highest common divisor of 154 and 125208384?
14
Calculate the greatest common factor of 52478 and 62054.
38
What is the greatest common factor of 6864 and 41262?
78
What is the highest common divisor of 8663 and 394?
1
Calculate the greatest common divisor of 48100 and 11419850.
650
What is the greatest common divisor of 33847089 and 87?
87
Calculate the highest common factor of 6 and 11455011.
3
Calculate the highest common divisor of 91227249 and 162.
27
Calculate th